{"id":864,"date":"2018-12-20T10:13:33","date_gmt":"2018-12-20T09:13:33","guid":{"rendered":"https:\/\/www.ordinaceplint.cz\/?page_id=864"},"modified":"2018-12-20T10:24:34","modified_gmt":"2018-12-20T09:24:34","slug":"dobry-andel","status":"publish","type":"page","link":"https:\/\/www.ordinaceplint.cz\/index.php\/nase-pomoc\/dobry-andel\/","title":{"rendered":"DOBR\u00dd AND\u011aL"},"content":{"rendered":"<h2 style=\"text-align: center;\">Projekt &#8222;Dobr\u00fd and\u011bl&#8220;<\/h2>\n<div><a href=\"https:\/\/www.dobryandel.cz\/system-dobry-andel\/\"><img loading=\"lazy\" decoding=\"async\" class=\"alignleft wp-image-871\" src=\"https:\/\/www.ordinaceplint.cz\/wp-content\/uploads\/2018\/12\/Blog_logo-300x300.png\" alt=\"\" width=\"80\" height=\"80\" srcset=\"https:\/\/www.ordinaceplint.cz\/wp-content\/uploads\/2018\/12\/Blog_logo-300x300.png 300w, https:\/\/www.ordinaceplint.cz\/wp-content\/uploads\/2018\/12\/Blog_logo-150x150.png 150w, https:\/\/www.ordinaceplint.cz\/wp-content\/uploads\/2018\/12\/Blog_logo.png 401w\" sizes=\"auto, (max-width: 80px) 100vw, 80px\" \/><\/a>V\u00e1\u017een\u00ed pacienti a n\u00e1v\u0161t\u011bvn\u00edci,<\/div>\n<div>na\u0161e spole\u010dnost se p\u0159ipojila do projektu <strong><span style=\"color: #ff0000;\">Dobr\u00fd and\u011bl<\/span><\/strong> a stala se pravideln\u00fdm p\u0159isp\u011bvatelem.<\/div>\n<p>&nbsp;<\/p>\n<hr \/>\n<div style=\"text-align: justify;\"><a href=\"https:\/\/www.dobryandel.cz\/profil-dobreho-andela\/?da=9430b\" target=\"_blank\" rel=\"noopener\"><img loading=\"lazy\" decoding=\"async\" class=\"alignleft\" src=\"https:\/\/cdn.dobryandel.cz\/embed\/darce\/300x500\/9430b\" alt=\"\" width=\"134\" height=\"223\" \/><\/a><em><span style=\"font-family: comic sans ms, sans-serif;\">Mil\u00fd Dobr\u00fd and\u011bli,<\/span><\/em><\/div>\n<div style=\"text-align: justify;\"><em><span style=\"font-family: comic sans ms, sans-serif;\">potvrzujeme p\u0159ijet\u00ed Va\u0161eho prvn\u00edho p\u0159\u00edsp\u011bvku do Syst\u00e9mu pomoci nadace Dobr\u00fd and\u011bl, nyn\u00ed jej uvid\u00edte tak\u00e9 ve sv\u00e9m <a href=\"http:\/\/sglink.dobryandel.cz\/wf\/click?upn=lXNUF8Wf5As-2BH2pR0UG2w33zIMLfOFmeUc3fjSYzA0VHud7e5KI8iLIZriBcXjnkEiBbwtCx5PUWfemB5dePgeI-2BA9Ht3TSdqArVfnkimUo-3D_-2B5JnP-2BYzaAB2b868xAVRFzsDHfasA7qgaeyPMERX4-2F3WpvBzHXYM2AfaolbL5WCxhg9BTPzvj106porl62k65Z40j-2Fk2YlGFjx6Jk129hcnL0fW-2FtZHMI1eNuP-2F3NGtulx-2BjGDnb5k-2F8OmiA7CcnWow6CQF4FR27qxVMj-2F4yQDqjWIyCnAg8S7j5HBJlHLRhYhB16THb8uNdk1BxksOCkvVikMZz9SGANSPkQvTLJSaiiZPRRUJ5esONxGTFK-2F5IVJ77PRAe8DbjuK9H9dZLeCnbpNwlYmbZa69bN0dORvI-3D\">And\u011blsk\u00e9m \u00fa\u010dtu<\/a>. Ve\u0161ker\u00e9 p\u0159\u00edsp\u011bvky v\u017edy v prvn\u00ed pracovn\u00ed den n\u00e1sleduj\u00edc\u00edho m\u011bs\u00edce ode\u0161leme do posledn\u00edho hal\u00e9\u0159e pot\u0159ebn\u00fdm rodin\u00e1m. V\u00a0tu chv\u00edli pak m\u016f\u017eete ve sv\u00e9m And\u011blsk\u00e9m \u00fa\u010dtu nahl\u00e9dnout i na konkr\u00e9tn\u00ed p\u0159\u00edb\u011bhy rodin, kter\u00fdm budete pom\u00e1hat.<\/span><\/em><\/div>\n<p>&nbsp;<\/p>\n<p>&nbsp;<\/p>\n<hr \/>\n<p style=\"text-align: center;\">Tak se t\u011b\u0161\u00edme na spolupr\u00e1ci s dal\u0161\u00edmi and\u011bly \ud83d\ude42<\/p>\n<p style=\"text-align: center;\"><a href=\"https:\/\/www.dobryandel.cz\/profil-dobreho-andela\/registrace\/\" target=\"_blank\" rel=\"noopener\"><img loading=\"lazy\" decoding=\"async\" class=\"wp-image-870  aligncenter\" src=\"https:\/\/www.ordinaceplint.cz\/wp-content\/uploads\/2018\/12\/Logo_hlavicka__mobilni_web-300x93.png\" alt=\"\" width=\"235\" height=\"73\" \/><\/a><\/p>\n","protected":false},"excerpt":{"rendered":"<p>Projekt &#8222;Dobr\u00fd and\u011bl&#8220; V\u00e1\u017een\u00ed pacienti a n\u00e1v\u0161t\u011bvn\u00edci, na\u0161e spole\u010dnost se p\u0159ipojila do projektu Dobr\u00fd and\u011bl a stala se pravideln\u00fdm p\u0159isp\u011bvatelem. &nbsp; Mil\u00fd Dobr\u00fd and\u011bli, potvrzujeme p\u0159ijet\u00ed Va\u0161eho prvn\u00edho p\u0159\u00edsp\u011bvku do Syst\u00e9mu pomoci nadace Dobr\u00fd and\u011bl, nyn\u00ed jej uvid\u00edte tak\u00e9 ve sv\u00e9m And\u011blsk\u00e9m \u00fa\u010dtu. Ve\u0161ker\u00e9 p\u0159\u00edsp\u011bvky v\u017edy v prvn\u00ed pracovn\u00ed den n\u00e1sleduj\u00edc\u00edho m\u011bs\u00edce ode\u0161leme do posledn\u00edho &hellip; <a href=\"https:\/\/www.ordinaceplint.cz\/index.php\/nase-pomoc\/dobry-andel\/\" class=\"more-link\">Pokra\u010dov\u00e1n\u00ed textu <span class=\"screen-reader-text\">DOBR\u00dd AND\u011aL<\/span> <span class=\"meta-nav\">&rarr;<\/span><\/a><\/p>\n","protected":false},"author":1,"featured_media":0,"parent":823,"menu_order":0,"comment_status":"closed","ping_status":"closed","template":"","meta":{"_crdt_document":"","footnotes":""},"class_list":["post-864","page","type-page","status-publish","hentry"],"aioseo_notices":[],"_links":{"self":[{"href":"https:\/\/www.ordinaceplint.cz\/index.php\/wp-json\/wp\/v2\/pages\/864","targetHints":{"allow":["GET"]}}],"collection":[{"href":"https:\/\/www.ordinaceplint.cz\/index.php\/wp-json\/wp\/v2\/pages"}],"about":[{"href":"https:\/\/www.ordinaceplint.cz\/index.php\/wp-json\/wp\/v2\/types\/page"}],"author":[{"embeddable":true,"href":"https:\/\/www.ordinaceplint.cz\/index.php\/wp-json\/wp\/v2\/users\/1"}],"replies":[{"embeddable":true,"href":"https:\/\/www.ordinaceplint.cz\/index.php\/wp-json\/wp\/v2\/comments?post=864"}],"version-history":[{"count":16,"href":"https:\/\/www.ordinaceplint.cz\/index.php\/wp-json\/wp\/v2\/pages\/864\/revisions"}],"predecessor-version":[{"id":883,"href":"https:\/\/www.ordinaceplint.cz\/index.php\/wp-json\/wp\/v2\/pages\/864\/revisions\/883"}],"up":[{"embeddable":true,"href":"https:\/\/www.ordinaceplint.cz\/index.php\/wp-json\/wp\/v2\/pages\/823"}],"wp:attachment":[{"href":"https:\/\/www.ordinaceplint.cz\/index.php\/wp-json\/wp\/v2\/media?parent=864"}],"curies":[{"name":"wp","href":"https:\/\/api.w.org\/{rel}","templated":true}]}}

DOBRÝ ANDĚL

<h2 style="text-align: center;">Projekt &#8222;Dobrý anděl&#8220;</h2>
<div><a href="https://www.dobryandel.cz/system-dobry-andel/"><img loading="lazy" decoding="async" class="alignleft wp-image-871" src="https://www.ordinaceplint.cz/wp-content/uploads/2018/12/Blog_logo-300x300.png" alt="" width="80" height="80" srcset="https://www.ordinaceplint.cz/wp-content/uploads/2018/12/Blog_logo-300x300.png 300w, https://www.ordinaceplint.cz/wp-content/uploads/2018/12/Blog_logo-150x150.png 150w, https://www.ordinaceplint.cz/wp-content/uploads/2018/12/Blog_logo.png 401w" sizes="auto, (max-width: 80px) 100vw, 80px" /></a>Vážení pacienti a návštěvníci,</div>
<div>naše společnost se připojila do projektu <strong><span style="color: #ff0000;">Dobrý anděl</span></strong> a stala se pravidelným přispěvatelem.</div>
<p>&nbsp;</p>
<hr />
<div style="text-align: justify;"><a href="https://www.dobryandel.cz/profil-dobreho-andela/?da=9430b" target="_blank" rel="noopener"><img loading="lazy" decoding="async" class="alignleft" src="https://cdn.dobryandel.cz/embed/darce/300x500/9430b" alt="" width="134" height="223" /></a><em><span style="font-family: comic sans ms, sans-serif;">Milý Dobrý anděli,</span></em></div>
<div style="text-align: justify;"><em><span style="font-family: comic sans ms, sans-serif;">potvrzujeme přijetí Vašeho prvního příspěvku do Systému pomoci nadace Dobrý anděl, nyní jej uvidíte také ve svém <a href="http://sglink.dobryandel.cz/wf/click?upn=lXNUF8Wf5As-2BH2pR0UG2w33zIMLfOFmeUc3fjSYzA0VHud7e5KI8iLIZriBcXjnkEiBbwtCx5PUWfemB5dePgeI-2BA9Ht3TSdqArVfnkimUo-3D_-2B5JnP-2BYzaAB2b868xAVRFzsDHfasA7qgaeyPMERX4-2F3WpvBzHXYM2AfaolbL5WCxhg9BTPzvj106porl62k65Z40j-2Fk2YlGFjx6Jk129hcnL0fW-2FtZHMI1eNuP-2F3NGtulx-2BjGDnb5k-2F8OmiA7CcnWow6CQF4FR27qxVMj-2F4yQDqjWIyCnAg8S7j5HBJlHLRhYhB16THb8uNdk1BxksOCkvVikMZz9SGANSPkQvTLJSaiiZPRRUJ5esONxGTFK-2F5IVJ77PRAe8DbjuK9H9dZLeCnbpNwlYmbZa69bN0dORvI-3D">Andělském účtu</a>. Veškeré příspěvky vždy v první pracovní den následujícího měsíce odešleme do posledního haléře potřebným rodinám. V tu chvíli pak můžete ve svém Andělském účtu nahlédnout i na konkrétní příběhy rodin, kterým budete pomáhat.</span></em></div>
<p>&nbsp;</p>
<p>&nbsp;</p>
<hr />
<p style="text-align: center;">Tak se těšíme na spolupráci s dalšími anděly 🙂</p>
<p style="text-align: center;"><a href="https://www.dobryandel.cz/profil-dobreho-andela/registrace/" target="_blank" rel="noopener"><img loading="lazy" decoding="async" class="wp-image-870  aligncenter" src="https://www.ordinaceplint.cz/wp-content/uploads/2018/12/Logo_hlavicka__mobilni_web-300x93.png" alt="" width="235" height="73" /></a></p>

<p>Projekt &#8222;Dobrý anděl&#8220; Vážení pacienti a návštěvníci, naše společnost se připojila do projektu Dobrý anděl a stala se pravidelným přispěvatelem. &nbsp; Milý Dobrý anděli, potvrzujeme přijetí Vašeho prvního příspěvku do Systému pomoci nadace Dobrý anděl, nyní jej uvidíte také ve svém Andělském účtu. Veškeré příspěvky vždy v první pracovní den následujícího měsíce odešleme do posledního &hellip; <a href="https://www.ordinaceplint.cz/index.php/nase-pomoc/dobry-andel/" class="more-link">Pokračování textu <span class="screen-reader-text">DOBRÝ ANDĚL</span> <span class="meta-nav">&rarr;</span></a></p>
