{"id":857,"date":"2018-12-17T06:54:53","date_gmt":"2018-12-17T05:54:53","guid":{"rendered":"https:\/\/www.ordinaceplint.cz\/?page_id=857"},"modified":"2018-12-17T06:54:53","modified_gmt":"2018-12-17T05:54:53","slug":"daruj-hracku","status":"publish","type":"page","link":"https:\/\/www.ordinaceplint.cz\/index.php\/nase-pomoc\/daruj-hracku\/","title":{"rendered":"Daruj hra\u010dku"},"content":{"rendered":"<h2>Daruj hra\u010dku &#8211; p\u0159\u00e1n\u00ed spln\u011bno<\/h2>\n<p><strong>Dobr\u00fd den, mil\u00fd Je\u017e\u00ed\u0161ku,<\/strong> <br \/>\nd\u011bkujeme za spln\u011bn\u00ed Va\u0161eho d\u00e1rku: f\u00e9n na vlasy<\/p>\n<p style=\"text-align: justify;\"><strong>P\u0159ijm\u011bte od n\u00e1s\u00a0\u00a0 \u201eJE\u017d\u00cd\u0160K\u016eV\u00a0\u00a0CERTIFIK\u00c1T\u00a0\u00a0D\u00c1RCE\u00a0\u00a0DARUJ\u00a0\u00a0HRA\u010cKU\u201c,\u00a0 jako v\u00fdraz na\u0161eho srde\u010dn\u00e9ho pod\u011bkov\u00e1n\u00ed<\/strong>, zn\u011bj\u00edc\u00ed\u00a0 na Va\u0161e jm\u00e9no, V\u00e1mi spln\u011bn\u00e9 p\u0159\u00e1n\u00ed a V\u00e1mi vybran\u00e9ho \u010dlov\u00ed\u010dka, kter\u00e9mu jste nejen splnil sen, mil\u00fd Je\u017e\u00ed\u0161ku, ale vybr\u00e1n\u00edm si pr\u00e1v\u011b jeho, mu poslal i vzkaz, \u017ee \u201etam n\u011bkde venku\u201c je n\u011bkdo, komu na n\u011bm z\u00e1le\u017e\u00ed, proto\u017ee si vybral pr\u00e1v\u011b jeho a jeho p\u0159\u00e1n\u00ed.<a href=\"https:\/\/www.ordinaceplint.cz\/wp-content\/uploads\/2018\/12\/daruj-hra\u010dku.jpg\"><img loading=\"lazy\" decoding=\"async\" class=\"size-medium wp-image-858 aligncenter\" src=\"https:\/\/www.ordinaceplint.cz\/wp-content\/uploads\/2018\/12\/daruj-hra\u010dku-300x202.jpg\" alt=\"\" width=\"300\" height=\"202\" srcset=\"https:\/\/www.ordinaceplint.cz\/wp-content\/uploads\/2018\/12\/daruj-hra\u010dku-300x202.jpg 300w, https:\/\/www.ordinaceplint.cz\/wp-content\/uploads\/2018\/12\/daruj-hra\u010dku-768x517.jpg 768w, https:\/\/www.ordinaceplint.cz\/wp-content\/uploads\/2018\/12\/daruj-hra\u010dku.jpg 899w\" sizes=\"auto, (max-width: 300px) 100vw, 300px\" \/><\/a><\/p>\n<p style=\"text-align: justify;\">Spln\u011bn\u00edm Va\u0161eho p\u0159\u00e1n\u00ed jste se stal, Mil\u00fd Je\u017e\u00ed\u0161ku, \u010clov\u011b\u010de jeden, na\u0161\u00ed ned\u00edlnou sou\u010d\u00e1st\u00ed \u2013 a tak\u00a0<a href=\"https:\/\/www.youtube.com\/watch?v=387pXjGhFSE&amp;t=6s\" data-saferedirecturl=\"https:\/\/www.google.com\/url?q=https:\/\/www.youtube.com\/watch?v%3D387pXjGhFSE%26t%3D6s&amp;source=gmail&amp;ust=1542785043095000&amp;usg=AFQjCNEVthoHpOuKTk-PTDRik3RkqT8v1g\">V\u00e1m pr\u00e1vem n\u00e1le\u017e\u00ed i toto ocen\u011bn\u00ed<\/a>\u00a0\u2013 blahop\u0159ejeme!<\/p>\n<p style=\"text-align: justify;\"><strong><a href=\"https:\/\/youtu.be\/6MQWqq219VQ\" data-saferedirecturl=\"https:\/\/www.google.com\/url?q=https:\/\/youtu.be\/6MQWqq219VQ&amp;source=gmail&amp;ust=1542785043095000&amp;usg=AFQjCNGOoPgyJ0kVKIkxFIdZdzqJvuLwng\">A na tomto, mil\u00fd Je\u017e\u00ed\u0161ku, nesete sv\u00fdm spln\u011bn\u00fdm p\u0159\u00e1n\u00edm sv\u016fj d\u00edl.<\/a><\/strong>\u00a0Toto se stane a na toto si u Va\u0161eho strome\u010dku a v\u00a0okruhu Va\u0161ich bl\u00edzk\u00fdch vzpome\u0148te. D\u011bkujeme a omlouv\u00e1me se za tu hus\u00ed k\u016f\u017ei a zv\u00fd\u0161en\u00fd tep, kter\u00e9 V\u00e1s jist\u011b, na \u0160t\u011bdr\u00fd ve\u010der, p\u0159i v\u011bdom\u00ed tohoto potkaj\u00ed: \u201epat\u0159\u00ed\u201c V\u00e1m to \ud83d\ude00 .<\/p>\n<p style=\"text-align: justify;\"><strong><a href=\"http:\/\/www.daruj-hracku.cz\/o-darujte-hracku-2\/tango-manazeri-na-voziccich\/\" data-saferedirecturl=\"https:\/\/www.google.com\/url?q=http:\/\/www.daruj-hracku.cz\/o-darujte-hracku-2\/tango-manazeri-na-voziccich\/&amp;source=gmail&amp;ust=1542785043095000&amp;usg=AFQjCNEp698bn-G7N7bizSzQuHLZqNd04w\">Tango \u2013 mana\u017ee\u0159i na voz\u00ed\u010dc\u00edch<\/a>\u00a0\u2013 ano na voz\u00ed\u010dc\u00edch, na kter\u00fdch v\u011bt\u0161ina na\u0161eho t\u00fdmu je a d\u00edky V\u00e1m jsme dostali p\u0159\u00edle\u017eitost k\u00a0n\u011b\u010demu v\u00a0\u017eivot\u011b b\u00fdt<\/strong><\/p>\n<p style=\"text-align: justify;\"><strong><a href=\"https:\/\/youtu.be\/--Sz3_iFhJU\" data-saferedirecturl=\"https:\/\/www.google.com\/url?q=https:\/\/youtu.be\/--Sz3_iFhJU&amp;source=gmail&amp;ust=1542785043095000&amp;usg=AFQjCNFzyMiapknD6EuUybilKUH3ldz7AA\">D\u00edky V\u00e1m jsme my dostali p\u0159\u00edle\u017eitost<\/a>\u00a0<\/strong>a\u00a0\u0161anci na sny a uplatn\u011bn\u00ed a d\u00edky tomu m\u016f\u017eeme ostatn\u00edm d\u00e1vat p\u0159\u00edle\u017eitost na to, b\u00fdti \u010dlov\u011bk \u010dlov\u011bku \u010dlov\u011bkem.<\/p>\n<p>To je Tango a Daruj hra\u010dku, to jste nyn\u00ed Vy a takov\u00fd by m\u011bl b\u00fdt \u017eivot a sv\u011bt, kter\u00fd je, Va\u0161\u00ed \u00fa\u010dast\u00ed v Daruj hra\u010dku, zase o n\u011bco hez\u010d\u00ed a lep\u0161\u00ed. D\u011bkujeme, \u017ee jste vynalo\u017een\u00fdm \u00fasil\u00edm do spln\u011bn\u00e9ho p\u0159\u00e1n\u00ed dali i kus sebe.<\/p>\n<p>&nbsp;<\/p>\n<p>&nbsp;<\/p>\n<p style=\"text-align: center;\"><span style=\"font-size: 24pt;\">V\u00fdzva pro v\u0161echny, kdo cht\u011bj\u00ed pomoci tomuto projektu<\/span><\/p>\n<p style=\"text-align: justify;\"><strong>Omlouv\u00e1me se za tyto \u0159\u00e1dky n\u00ed\u017ee, ale v\u011b\u0159\u00edme ve Va\u0161e pochopen\u00ed, \u017ee jinou \u0161anci jak kohokoliv oslovit nem\u00e1me.<\/strong><\/p>\n<p style=\"text-align: justify;\"><strong>V\u00a0pln\u00fdch p\u0159\u00edprav\u00e1ch na DH 2018 jsme kompletn\u011b p\u0159i\u0161li o mobilitu.\u00a0<\/strong>To a telefony + internet jsou alfou a omegou na\u0161\u00ed existence \u2013<strong>\u00a0<a href=\"http:\/\/www.daruj-hracku.cz\/tango-auto\/\" data-saferedirecturl=\"https:\/\/www.google.com\/url?q=http:\/\/www.daruj-hracku.cz\/tango-auto\/&amp;source=gmail&amp;ust=1542785043095000&amp;usg=AFQjCNH_yS47uzMZqa9kGFjy9utk-MQ3eQ\">ze zoufalstv\u00ed jsme dokonce zalo\u017eili transparentn\u00ed \u00fa\u010det u KB<\/a>,\u00a0<\/strong>abychom to dali n\u011bjak dohromady.<\/p>\n<p style=\"text-align: justify;\">Ka\u017ed\u00fdm rokem p\u0159iprav\u00edme, ji\u017e 22 let p\u0159iprav\u00edme z\u00a0na\u0161ich voz\u00edk\u016f projekt, kter\u00fd d\u00edky Je\u017e\u00ed\u0161k\u016fm i V\u00e1m p\u0159inese spln\u011bn\u00e1 p\u0159\u00e1n\u00ed a pot\u0159eby v\u00a0hodnot\u011b 7 &#8211; 8 milion\u016f korun ka\u017ed\u00fd ro\u010dn\u00edk.<\/p>\n<p style=\"text-align: justify;\">Nyn\u00ed pot\u0159ebujeme d\u00e1t dohromady auta za 800 tis\u00edc (ta minul\u00e1 n\u00e1m vydr\u017eela 14 a 21 (!) let.<\/p>\n<p style=\"text-align: justify;\">Tak\u017ee ji\u017e b\u011bhem jednoho ro\u010dn\u00edku se 10x zaplat\u00ed, ale my n\u011bj nem\u00e1me, proto\u017ee nevyb\u00edr\u00e1me pen\u00edze \u2013 jen organizujeme akci tak, aby v\u0161e \u0161lo, ve spln\u011bn\u00fdch p\u0159\u00e1n\u00edch tam, kam m\u00e1.<\/p>\n<h3 style=\"text-align: justify;\">Dovolujeme si uv\u00e9st \u010d\u00edslo transparentn\u00edho \u00fa\u010dtu:\u00a0<a href=\"https:\/\/www.kb.cz\/cs\/transparentni-ucty\/tango-daruj-hracku-zp-manazeri-auto-tango-ha\" data-saferedirecturl=\"https:\/\/www.google.com\/url?q=https:\/\/www.kb.cz\/cs\/transparentni-ucty\/tango-daruj-hracku-zp-manazeri-auto-tango-ha&amp;source=gmail&amp;ust=1542785043095000&amp;usg=AFQjCNEBYbht7aFhRpaZP0UjRV01DubQJQ\"><strong>115-8309500237\/0100<\/strong><strong>,\u00a0<\/strong><\/a>\u00a0\u00a0<\/h3>\n<h3 style=\"text-align: justify;\">Variabiln\u00ed Symbol:\u00a0I\u010c nebo R\u010c, \u00a0\u00a0<\/h3>\n<h3 style=\"text-align: justify;\">Zpr\u00e1va pro p\u0159\u00edjemce:\u00a0v\u00e1\u0161 email, abychom V\u00e1s mohli kontaktovat pro vy\u0159\u00edzen\u00ed n\u00e1le\u017eitost\u00ed-darovac\u00ed smlouva, smlouva o reklam\u011b (OSV\u010c, firma), aby se V\u00e1m Va\u0161e pochopen\u00ed prom\u00edtlo do \u00fa\u010detnictv\u00ed.<\/h3>\n<p style=\"text-align: justify;\">\u00a0<\/p>\n<p style=\"text-align: justify;\"><strong><a href=\"https:\/\/youtu.be\/kWZEOJX8ZdA\" data-saferedirecturl=\"https:\/\/www.google.com\/url?q=https:\/\/youtu.be\/kWZEOJX8ZdA&amp;source=gmail&amp;ust=1542785043095000&amp;usg=AFQjCNEPYe7Sxo3uXoNLtFVTux-AdAJURA\">Zde p\u0159ijm\u011bte,\u00a0 t\u00edmto kr\u00e1tk\u00fdm videem<\/a><\/strong>, jak na\u0161e srde\u010dn\u00e9 p\u0159\u00e1n\u00ed V\u00e1m, tak z\u00e1rove\u0148 na\u0161e up\u0159\u00edmn\u00e9 pod\u011bkov\u00e1n\u00ed \u2013 a jak z\u00a0obr\u00e1zk\u016f i slov pochop\u00edte, rozhodn\u011b neform\u00e1ln\u00ed\u00a0 a ryze ze \u017eivota &#8211;<\/p>\n<p style=\"text-align: justify;\">\u00a0<\/p>\n","protected":false},"excerpt":{"rendered":"<p>Daruj hra\u010dku &#8211; p\u0159\u00e1n\u00ed spln\u011bno Dobr\u00fd den, mil\u00fd Je\u017e\u00ed\u0161ku, d\u011bkujeme za spln\u011bn\u00ed Va\u0161eho d\u00e1rku: f\u00e9n na vlasy P\u0159ijm\u011bte od n\u00e1s\u00a0\u00a0 \u201eJE\u017d\u00cd\u0160K\u016eV\u00a0\u00a0CERTIFIK\u00c1T\u00a0\u00a0D\u00c1RCE\u00a0\u00a0DARUJ\u00a0\u00a0HRA\u010cKU\u201c,\u00a0 jako v\u00fdraz na\u0161eho srde\u010dn\u00e9ho pod\u011bkov\u00e1n\u00ed, zn\u011bj\u00edc\u00ed\u00a0 na Va\u0161e jm\u00e9no, V\u00e1mi spln\u011bn\u00e9 p\u0159\u00e1n\u00ed a V\u00e1mi vybran\u00e9ho \u010dlov\u00ed\u010dka, kter\u00e9mu jste nejen splnil sen, mil\u00fd Je\u017e\u00ed\u0161ku, ale vybr\u00e1n\u00edm si pr\u00e1v\u011b jeho, mu poslal i vzkaz, \u017ee \u201etam &hellip; <a href=\"https:\/\/www.ordinaceplint.cz\/index.php\/nase-pomoc\/daruj-hracku\/\" class=\"more-link\">Pokra\u010dov\u00e1n\u00ed textu <span class=\"screen-reader-text\">Daruj hra\u010dku<\/span> <span class=\"meta-nav\">&rarr;<\/span><\/a><\/p>\n","protected":false},"author":1,"featured_media":0,"parent":823,"menu_order":0,"comment_status":"closed","ping_status":"closed","template":"","meta":{"_crdt_document":"","footnotes":""},"class_list":["post-857","page","type-page","status-publish","hentry"],"aioseo_notices":[],"_links":{"self":[{"href":"https:\/\/www.ordinaceplint.cz\/index.php\/wp-json\/wp\/v2\/pages\/857","targetHints":{"allow":["GET"]}}],"collection":[{"href":"https:\/\/www.ordinaceplint.cz\/index.php\/wp-json\/wp\/v2\/pages"}],"about":[{"href":"https:\/\/www.ordinaceplint.cz\/index.php\/wp-json\/wp\/v2\/types\/page"}],"author":[{"embeddable":true,"href":"https:\/\/www.ordinaceplint.cz\/index.php\/wp-json\/wp\/v2\/users\/1"}],"replies":[{"embeddable":true,"href":"https:\/\/www.ordinaceplint.cz\/index.php\/wp-json\/wp\/v2\/comments?post=857"}],"version-history":[{"count":1,"href":"https:\/\/www.ordinaceplint.cz\/index.php\/wp-json\/wp\/v2\/pages\/857\/revisions"}],"predecessor-version":[{"id":859,"href":"https:\/\/www.ordinaceplint.cz\/index.php\/wp-json\/wp\/v2\/pages\/857\/revisions\/859"}],"up":[{"embeddable":true,"href":"https:\/\/www.ordinaceplint.cz\/index.php\/wp-json\/wp\/v2\/pages\/823"}],"wp:attachment":[{"href":"https:\/\/www.ordinaceplint.cz\/index.php\/wp-json\/wp\/v2\/media?parent=857"}],"curies":[{"name":"wp","href":"https:\/\/api.w.org\/{rel}","templated":true}]}}