{"id":602,"date":"2018-01-30T08:46:43","date_gmt":"2018-01-30T07:46:43","guid":{"rendered":"http:\/\/www.ordinaceplint.cz\/?page_id=602"},"modified":"2025-10-06T17:42:56","modified_gmt":"2025-10-06T16:42:56","slug":"ceniky","status":"publish","type":"page","link":"https:\/\/www.ordinaceplint.cz\/index.php\/ceniky\/","title":{"rendered":"Cen\u00edky"},"content":{"rendered":"<p>V\u00e1\u017een\u00ed pacienti, na t\u00e9to str\u00e1nce naleznete smluvn\u00ed cen\u00edky slu\u017eeb, kter\u00e9 nejsou hrazeny va\u0161imi zdravotn\u00edmi poji\u0161\u0165ovnami:<\/p>\n<div><a href=\"https:\/\/www.ordinaceplint.cz\/wp-content\/uploads\/2025\/10\/CENIK-pro-ukony-nehrazene-ze-ZP-v-roce-2025.pdf\" target=\"_blank\" rel=\"noopener\">Smluvn\u00ed cen\u00edk v\u00fdkon\u016f nehrazen\u00fdch zdravotn\u00edmi poji\u0161\u0165ovnami k 1.2.2025 v ordinaci praktick\u00e9ho l\u00e9ka\u0159e.<\/a><\/div>\n<div>\u00a0<\/div>\n<div>\u00a0<\/div>\n<div>Smluvn\u00ed cen\u00edk pro pracovn\u011b l\u00e9ka\u0159sk\u00fdch slu\u017eeb na rok 2025 (pro zam\u011bstnavatele):\u00a0<\/div>\n<div><a href=\"https:\/\/www.ordinaceplint.cz\/wp-content\/uploads\/2025\/01\/CENIK-pracovnelekarskych-sluzeb-pro-rok-2025-Vyhl.pdf\" target=\"_blank\" rel=\"noopener\">Cen\u00edk pracovn\u011b-l\u00e9ka\u0159sk\u00fdch slu\u017eeb na rok 2025<\/a><\/div>\n<div>\u00a0<\/div>\n<div>\u00a0<\/div>\n<div>\n<div>Od prosince 2017 nab\u00edz\u00edme mo\u017enost platit za vybran\u00e9 zdravotnick\u00e9 slu\u017eby platebn\u00ed kartou. Nebojte se t\u00e9to mo\u017enosti vyu\u017e\u00edvat. Z\u016fstanou V\u00e1m pen\u00edze v hotovosti pro jin\u00e9 \u00fa\u010dely, kde kartu vyu\u017e\u00edt nebude mo\u017en\u00e9.<\/div>\n<\/div>\n","protected":false},"excerpt":{"rendered":"<p>V\u00e1\u017een\u00ed pacienti, na t\u00e9to str\u00e1nce naleznete smluvn\u00ed cen\u00edky slu\u017eeb, kter\u00e9 nejsou hrazeny va\u0161imi zdravotn\u00edmi poji\u0161\u0165ovnami: Smluvn\u00ed cen\u00edk v\u00fdkon\u016f nehrazen\u00fdch zdravotn\u00edmi poji\u0161\u0165ovnami k 1.2.2025 v ordinaci praktick\u00e9ho l\u00e9ka\u0159e. \u00a0 \u00a0 Smluvn\u00ed cen\u00edk pro pracovn\u011b l\u00e9ka\u0159sk\u00fdch slu\u017eeb na rok 2025 (pro zam\u011bstnavatele):\u00a0 Cen\u00edk pracovn\u011b-l\u00e9ka\u0159sk\u00fdch slu\u017eeb na rok 2025 \u00a0 \u00a0 Od prosince 2017 nab\u00edz\u00edme mo\u017enost platit za &hellip; <a href=\"https:\/\/www.ordinaceplint.cz\/index.php\/ceniky\/\" class=\"more-link\">Pokra\u010dov\u00e1n\u00ed textu <span class=\"screen-reader-text\">Cen\u00edky<\/span> <span class=\"meta-nav\">&rarr;<\/span><\/a><\/p>\n","protected":false},"author":1,"featured_media":0,"parent":0,"menu_order":0,"comment_status":"closed","ping_status":"closed","template":"","meta":{"_crdt_document":"","footnotes":""},"class_list":["post-602","page","type-page","status-publish","hentry"],"aioseo_notices":[],"_links":{"self":[{"href":"https:\/\/www.ordinaceplint.cz\/index.php\/wp-json\/wp\/v2\/pages\/602","targetHints":{"allow":["GET"]}}],"collection":[{"href":"https:\/\/www.ordinaceplint.cz\/index.php\/wp-json\/wp\/v2\/pages"}],"about":[{"href":"https:\/\/www.ordinaceplint.cz\/index.php\/wp-json\/wp\/v2\/types\/page"}],"author":[{"embeddable":true,"href":"https:\/\/www.ordinaceplint.cz\/index.php\/wp-json\/wp\/v2\/users\/1"}],"replies":[{"embeddable":true,"href":"https:\/\/www.ordinaceplint.cz\/index.php\/wp-json\/wp\/v2\/comments?post=602"}],"version-history":[{"count":16,"href":"https:\/\/www.ordinaceplint.cz\/index.php\/wp-json\/wp\/v2\/pages\/602\/revisions"}],"predecessor-version":[{"id":1287,"href":"https:\/\/www.ordinaceplint.cz\/index.php\/wp-json\/wp\/v2\/pages\/602\/revisions\/1287"}],"wp:attachment":[{"href":"https:\/\/www.ordinaceplint.cz\/index.php\/wp-json\/wp\/v2\/media?parent=602"}],"curies":[{"name":"wp","href":"https:\/\/api.w.org\/{rel}","templated":true}]}}

Ceníky

<p>Vážení pacienti, na této stránce naleznete smluvní ceníky služeb, které nejsou hrazeny vašimi zdravotními pojišťovnami:</p>
<div><a href="https://www.ordinaceplint.cz/wp-content/uploads/2025/10/CENIK-pro-ukony-nehrazene-ze-ZP-v-roce-2025.pdf" target="_blank" rel="noopener">Smluvní ceník výkonů nehrazených zdravotními pojišťovnami k 1.2.2025 v ordinaci praktického lékaře.</a></div>
<div> </div>
<div> </div>
<div>Smluvní ceník pro pracovně lékařských služeb na rok 2025 (pro zaměstnavatele): </div>
<div><a href="https://www.ordinaceplint.cz/wp-content/uploads/2025/01/CENIK-pracovnelekarskych-sluzeb-pro-rok-2025-Vyhl.pdf" target="_blank" rel="noopener">Ceník pracovně-lékařských služeb na rok 2025</a></div>
<div> </div>
<div> </div>
<div>
<div>Od prosince 2017 nabízíme možnost platit za vybrané zdravotnické služby platební kartou. Nebojte se této možnosti využívat. Zůstanou Vám peníze v hotovosti pro jiné účely, kde kartu využít nebude možné.</div>
</div>

<p>Vážení pacienti, na této stránce naleznete smluvní ceníky služeb, které nejsou hrazeny vašimi zdravotními pojišťovnami: Smluvní ceník výkonů nehrazených zdravotními pojišťovnami k 1.2.2025 v ordinaci praktického lékaře.     Smluvní ceník pro pracovně lékařských služeb na rok 2025 (pro zaměstnavatele):  Ceník pracovně-lékařských služeb na rok 2025     Od prosince 2017 nabízíme možnost platit za &hellip; <a href="https://www.ordinaceplint.cz/index.php/ceniky/" class="more-link">Pokračování textu <span class="screen-reader-text">Ceníky</span> <span class="meta-nav">&rarr;</span></a></p>
