{"id":249,"date":"2017-12-19T14:02:19","date_gmt":"2017-12-19T13:02:19","guid":{"rendered":"http:\/\/www.ordinaceplint.cz\/?page_id=249"},"modified":"2018-01-28T13:46:50","modified_gmt":"2018-01-28T12:46:50","slug":"vstupni-prohlidka-u-praktickeho-lekare","status":"publish","type":"page","link":"https:\/\/www.ordinaceplint.cz\/index.php\/vstupni-prohlidka-u-praktickeho-lekare\/","title":{"rendered":"Vstupn\u00ed prohl\u00eddka u praktick\u00e9ho l\u00e9ka\u0159e"},"content":{"rendered":"<p>Tato str\u00e1nka se p\u0159ipravuje.<\/p>\n","protected":false},"excerpt":{"rendered":"<p>Tato str\u00e1nka se p\u0159ipravuje.<\/p>\n","protected":false},"author":1,"featured_media":0,"parent":0,"menu_order":0,"comment_status":"closed","ping_status":"closed","template":"","meta":{"_crdt_document":"","footnotes":""},"class_list":["post-249","page","type-page","status-publish","hentry"],"aioseo_notices":[],"_links":{"self":[{"href":"https:\/\/www.ordinaceplint.cz\/index.php\/wp-json\/wp\/v2\/pages\/249","targetHints":{"allow":["GET"]}}],"collection":[{"href":"https:\/\/www.ordinaceplint.cz\/index.php\/wp-json\/wp\/v2\/pages"}],"about":[{"href":"https:\/\/www.ordinaceplint.cz\/index.php\/wp-json\/wp\/v2\/types\/page"}],"author":[{"embeddable":true,"href":"https:\/\/www.ordinaceplint.cz\/index.php\/wp-json\/wp\/v2\/users\/1"}],"replies":[{"embeddable":true,"href":"https:\/\/www.ordinaceplint.cz\/index.php\/wp-json\/wp\/v2\/comments?post=249"}],"version-history":[{"count":3,"href":"https:\/\/www.ordinaceplint.cz\/index.php\/wp-json\/wp\/v2\/pages\/249\/revisions"}],"predecessor-version":[{"id":527,"href":"https:\/\/www.ordinaceplint.cz\/index.php\/wp-json\/wp\/v2\/pages\/249\/revisions\/527"}],"wp:attachment":[{"href":"https:\/\/www.ordinaceplint.cz\/index.php\/wp-json\/wp\/v2\/media?parent=249"}],"curies":[{"name":"wp","href":"https:\/\/api.w.org\/{rel}","templated":true}]}}