{"id":23,"date":"2016-03-24T14:46:19","date_gmt":"2016-03-24T13:46:19","guid":{"rendered":"http:\/\/10.0.2.15\/?page_id=23"},"modified":"2018-12-16T17:04:53","modified_gmt":"2018-12-16T16:04:53","slug":"ordinace-internisty-2","status":"publish","type":"page","link":"https:\/\/www.ordinaceplint.cz\/index.php\/poskytovane-sluzby\/ordinace-internisty-2\/","title":{"rendered":"Ordinace internisty"},"content":{"rendered":"<p>Ordina\u010dn\u00ed doba:<\/p>\n\n<table id=\"tablepress-14\" class=\"tablepress tablepress-id-14\">\n<tbody class=\"row-striping row-hover\">\n<tr class=\"row-1\">\n\t<td class=\"column-1\">l\u00e9ka\u0159:<\/td><td class=\"column-2\"><a href=\"http:\/\/www.ordinaceplint.cz\/index.php\/ilekar\/\"><span style=\"font-size: 12pt;\">MUDr. Alena Blahov\u00e1<\/span><\/a><\/td>\n<\/tr>\n<tr class=\"row-2\">\n\t<td class=\"column-1\">zdravotn\u00ed sestra:<\/td><td class=\"column-2\"><a href=\"http:\/\/www.ordinaceplint.cz\/index.php\/monika-liskova\/\"><span style=\"font-size: 12pt;\">Bc. Monika Li\u0161kov\u00e1<\/span><\/a><\/td>\n<\/tr>\n<\/tbody>\n<\/table>\n<!-- #tablepress-14 from cache -->\n<div>Ordina\u010dn\u00ed a provozn\u00ed doba :<\/div>\n<div>\n<table id=\"tablepress-15\" class=\"tablepress tablepress-id-15\">\n<tbody class=\"row-striping row-hover\">\n<tr class=\"row-1\">\n\t<td class=\"column-1\">pond\u011bl\u00ed:<\/td><td class=\"column-2\">7:00 - 14:00<br \/>\n(12.00- 12.30 p\u0159est\u00e1vka na ob\u011bd)<\/td>\n<\/tr>\n<tr class=\"row-2\">\n\t<td class=\"column-1\">\u00fater\u00fd:<\/td><td class=\"column-2\">7:00 - 14:00<br \/>\n(12.00- 12.30 p\u0159est\u00e1vka na ob\u011bd)<\/td>\n<\/tr>\n<tr class=\"row-3\">\n\t<td class=\"column-1\">st\u0159eda:<\/td><td class=\"column-2\">12:00 - 18:00<\/td>\n<\/tr>\n<tr class=\"row-4\">\n\t<td class=\"column-1\">\u010dtvrtek:<\/td><td class=\"column-2\">7:00 - 13:00<br \/>\n(12.00- 12.30 p\u0159est\u00e1vka na ob\u011bd)<br \/>\n<\/td>\n<\/tr>\n<tr class=\"row-5\">\n\t<td class=\"column-1\">p\u00e1tek:<\/td><td class=\"column-2\">7:00 - 12:00<\/td>\n<\/tr>\n<\/tbody>\n<\/table>\n<!-- #tablepress-15 from cache --><\/div>\n<div>\u00a0<strong><span style=\"color: #ff0000;\">Upozorn\u011bn\u00ed pro v\u0161echny! <\/span><span style=\"color: #ff0000;\">Ka\u017ed\u00fd t\u0159et\u00ed p\u00e1tek v m\u011bs\u00edci neordinujeme !!!<\/span><\/strong> \u00a0<\/div>\n<div>\u00a0<\/div>\n<div>Kontakty do ordinace:<\/div>\n<div>\n<table id=\"tablepress-16\" class=\"tablepress tablepress-id-16\">\n<tbody class=\"row-striping row-hover\">\n<tr class=\"row-1\">\n\t<td class=\"column-1\">telefon:<\/td><td class=\"column-2\">+420 464 620 203<\/td>\n<\/tr>\n<\/tbody>\n<\/table>\n<!-- #tablepress-16 from cache --><\/div>\n<div>\u00a0<\/div>\n<p style=\"text-align: justify;\"><span style=\"color: #ff0000;\">Odb\u011bry krve prov\u00e1d\u00ed sestra v\u00a0\u00fater\u00fd, ve st\u0159edu a ve \u010dtvrtek od 7.00 \u2013 7:30 hod. podle p\u0159edchoz\u00edho objedn\u00e1n\u00ed.<\/span><\/p>\n<div><span style=\"text-decoration: underline;\"><strong>Nejen pro na\u0161e pacienty nab\u00edz\u00edme n\u00e1sleduj\u00edc\u00ed slu\u017eby:<\/strong><\/span><\/div>\n<div>\n<table id=\"tablepress-18\" class=\"tablepress tablepress-id-18 tbody-has-connected-cells\">\n<tbody class=\"row-striping row-hover\">\n<tr class=\"row-1\">\n\t<td colspan=\"2\" class=\"column-1\">BTL - EKG (12-ti svodov\u00e9)<\/td>\n<\/tr>\n<tr class=\"row-2\">\n\t<td class=\"column-1\"><a href=\"http:\/\/www.ordinaceplint.cz\/wp-content\/uploads\/2018\/01\/BTL-_EKG-e1517247526270.jpg\"><img loading=\"lazy\" decoding=\"async\" src=\"http:\/\/www.ordinaceplint.cz\/wp-content\/uploads\/2018\/01\/BTL-_EKG-e1517247526270-300x174.jpg\" alt=\"\" width=\"150\" height=\"87\" class=\"alignnone size-medium wp-image-545\" srcset=\"https:\/\/www.ordinaceplint.cz\/wp-content\/uploads\/2018\/01\/BTL-_EKG-e1517247526270-300x174.jpg 300w, https:\/\/www.ordinaceplint.cz\/wp-content\/uploads\/2018\/01\/BTL-_EKG-e1517247526270.jpg 384w\" sizes=\"auto, (max-width: 150px) 100vw, 150px\" \/><\/a><\/td><td class=\"column-2\">Jednor\u00e1zov\u00e9 vy\u0161et\u0159en\u00ed EKG (12ti svodov\u00e9 EKG), v\u010detn\u011b popisu vyhotoven\u00e9ho EKG<\/td>\n<\/tr>\n<tr class=\"row-3\">\n\t<td colspan=\"2\" class=\"column-1\">Wellion Calla<\/td>\n<\/tr>\n<tr class=\"row-4\">\n\t<td class=\"column-1\"><a href=\"http:\/\/www.ordinaceplint.cz\/wp-content\/uploads\/2018\/01\/glukometr.jpg\"><img loading=\"lazy\" decoding=\"async\" src=\"http:\/\/www.ordinaceplint.cz\/wp-content\/uploads\/2018\/01\/glukometr-300x264.jpg\" alt=\"\" width=\"150\" height=\"132\" class=\"alignnone size-medium wp-image-579\" srcset=\"https:\/\/www.ordinaceplint.cz\/wp-content\/uploads\/2018\/01\/glukometr-300x264.jpg 300w, https:\/\/www.ordinaceplint.cz\/wp-content\/uploads\/2018\/01\/glukometr.jpg 661w\" sizes=\"auto, (max-width: 150px) 100vw, 150px\" \/><\/a><\/td><td class=\"column-2\">Stanoven\u00ed okam\u017eit\u00e9 hladiny cukru v krvi.<\/td>\n<\/tr>\n<tr class=\"row-5\">\n\t<td colspan=\"2\" class=\"column-1\">Pulzn\u00ed Oxymetr BEXAMED <\/td>\n<\/tr>\n<tr class=\"row-6\">\n\t<td class=\"column-1\"><a href=\"http:\/\/www.ordinaceplint.cz\/wp-content\/uploads\/2018\/01\/oxymetr.jpg\"><img loading=\"lazy\" decoding=\"async\" src=\"http:\/\/www.ordinaceplint.cz\/wp-content\/uploads\/2018\/01\/oxymetr-300x300.jpg\" alt=\"\" width=\"150\" height=\"150\" class=\"alignnone size-medium wp-image-586\" srcset=\"https:\/\/www.ordinaceplint.cz\/wp-content\/uploads\/2018\/01\/oxymetr-300x300.jpg 300w, https:\/\/www.ordinaceplint.cz\/wp-content\/uploads\/2018\/01\/oxymetr-150x150.jpg 150w, https:\/\/www.ordinaceplint.cz\/wp-content\/uploads\/2018\/01\/oxymetr.jpg 500w\" sizes=\"auto, (max-width: 150px) 100vw, 150px\" \/><\/a><\/td><td class=\"column-2\">Pulzn\u00ed oxymetr m\u011b\u0159\u00ed okysli\u010den\u00ed krve nebo sp\u00ed\u0161e saturaci hemoglobinu v arteri\u00e1ln\u00ed krvi kysl\u00edkem.<\/td>\n<\/tr>\n<\/tbody>\n<\/table>\n<!-- #tablepress-18 from cache --><\/div>\n<div>\u00a0<\/div>\n<p>Intern\u00ed ordinace je smluvn\u00edm partnerem n\u00e1sleduj\u00edc\u00edch zdravotn\u00edch poji\u0161\u0165oven:<\/p>\n<p><a href=\"http:\/\/www.ordinaceplint.cz\/wp-content\/uploads\/2017\/12\/VZP-logo-e1513684854595.png\"><img loading=\"lazy\" decoding=\"async\" class=\"size-full wp-image-227 alignnone\" src=\"http:\/\/www.ordinaceplint.cz\/wp-content\/uploads\/2017\/12\/VZP-logo-e1513684854595.png\" alt=\"\" width=\"100\" height=\"34\" \/><\/a><a href=\"http:\/\/www.ordinaceplint.cz\/wp-content\/uploads\/2017\/12\/zpmvcr-e1513686031291.jpg\"><img loading=\"lazy\" decoding=\"async\" class=\"size-full wp-image-229 alignnone\" src=\"http:\/\/www.ordinaceplint.cz\/wp-content\/uploads\/2017\/12\/zpmvcr-e1513686031291.jpg\" alt=\"\" width=\"50\" height=\"50\" \/><\/a><a href=\"http:\/\/www.ordinaceplint.cz\/wp-content\/uploads\/2017\/12\/vozp.png\"><img loading=\"lazy\" decoding=\"async\" class=\"size-full wp-image-231 alignnone\" src=\"http:\/\/www.ordinaceplint.cz\/wp-content\/uploads\/2017\/12\/vozp.png\" alt=\"\" width=\"97\" height=\"57\" \/><\/a><a href=\"http:\/\/www.ordinaceplint.cz\/wp-content\/uploads\/2017\/12\/cpzp.png\"><img loading=\"lazy\" decoding=\"async\" class=\"size-full wp-image-236 alignnone\" src=\"http:\/\/www.ordinaceplint.cz\/wp-content\/uploads\/2017\/12\/cpzp.png\" alt=\"\" width=\"136\" height=\"57\" \/><\/a><a href=\"http:\/\/www.ordinaceplint.cz\/wp-content\/uploads\/2017\/12\/zps.png\"><img loading=\"lazy\" decoding=\"async\" class=\"size-full wp-image-235 alignnone\" src=\"http:\/\/www.ordinaceplint.cz\/wp-content\/uploads\/2017\/12\/zps.png\" alt=\"\" width=\"110\" height=\"57\" \/><\/a><a href=\"https:\/\/www.ordinaceplint.cz\/wp-content\/uploads\/2018\/12\/rbp.png\"><img loading=\"lazy\" decoding=\"async\" class=\"wp-image-809  alignnone\" src=\"https:\/\/www.ordinaceplint.cz\/wp-content\/uploads\/2018\/12\/rbp-300x300.png\" alt=\"\" width=\"56\" height=\"56\" srcset=\"https:\/\/www.ordinaceplint.cz\/wp-content\/uploads\/2018\/12\/rbp-300x300.png 300w, https:\/\/www.ordinaceplint.cz\/wp-content\/uploads\/2018\/12\/rbp-150x150.png 150w, https:\/\/www.ordinaceplint.cz\/wp-content\/uploads\/2018\/12\/rbp.png 481w\" sizes=\"auto, (max-width: 56px) 100vw, 56px\" \/><\/a><a href=\"http:\/\/www.ordinaceplint.cz\/wp-content\/uploads\/2017\/12\/ozp.png\"><img loading=\"lazy\" decoding=\"async\" class=\"size-full wp-image-233 alignnone\" src=\"http:\/\/www.ordinaceplint.cz\/wp-content\/uploads\/2017\/12\/ozp.png\" alt=\"\" width=\"125\" height=\"57\" \/><\/a><\/p>\n","protected":false},"excerpt":{"rendered":"<p>Ordina\u010dn\u00ed doba: Ordina\u010dn\u00ed a provozn\u00ed doba : \u00a0Upozorn\u011bn\u00ed pro v\u0161echny! Ka\u017ed\u00fd t\u0159et\u00ed p\u00e1tek v m\u011bs\u00edci neordinujeme !!! \u00a0 \u00a0 Kontakty do ordinace: \u00a0 Odb\u011bry krve prov\u00e1d\u00ed sestra v\u00a0\u00fater\u00fd, ve st\u0159edu a ve \u010dtvrtek od 7.00 \u2013 7:30 hod. podle p\u0159edchoz\u00edho objedn\u00e1n\u00ed. Nejen pro na\u0161e pacienty nab\u00edz\u00edme n\u00e1sleduj\u00edc\u00ed slu\u017eby: \u00a0 Intern\u00ed ordinace je smluvn\u00edm partnerem n\u00e1sleduj\u00edc\u00edch &hellip; <a href=\"https:\/\/www.ordinaceplint.cz\/index.php\/poskytovane-sluzby\/ordinace-internisty-2\/\" class=\"more-link\">Pokra\u010dov\u00e1n\u00ed textu <span class=\"screen-reader-text\">Ordinace internisty<\/span> <span class=\"meta-nav\">&rarr;<\/span><\/a><\/p>\n","protected":false},"author":1,"featured_media":0,"parent":82,"menu_order":0,"comment_status":"closed","ping_status":"closed","template":"","meta":{"_crdt_document":"","footnotes":""},"class_list":["post-23","page","type-page","status-publish","hentry"],"aioseo_notices":[],"_links":{"self":[{"href":"https:\/\/www.ordinaceplint.cz\/index.php\/wp-json\/wp\/v2\/pages\/23","targetHints":{"allow":["GET"]}}],"collection":[{"href":"https:\/\/www.ordinaceplint.cz\/index.php\/wp-json\/wp\/v2\/pages"}],"about":[{"href":"https:\/\/www.ordinaceplint.cz\/index.php\/wp-json\/wp\/v2\/types\/page"}],"author":[{"embeddable":true,"href":"https:\/\/www.ordinaceplint.cz\/index.php\/wp-json\/wp\/v2\/users\/1"}],"replies":[{"embeddable":true,"href":"https:\/\/www.ordinaceplint.cz\/index.php\/wp-json\/wp\/v2\/comments?post=23"}],"version-history":[{"count":23,"href":"https:\/\/www.ordinaceplint.cz\/index.php\/wp-json\/wp\/v2\/pages\/23\/revisions"}],"predecessor-version":[{"id":107,"href":"https:\/\/www.ordinaceplint.cz\/index.php\/wp-json\/wp\/v2\/pages\/23\/revisions\/107"}],"up":[{"embeddable":true,"href":"https:\/\/www.ordinaceplint.cz\/index.php\/wp-json\/wp\/v2\/pages\/82"}],"wp:attachment":[{"href":"https:\/\/www.ordinaceplint.cz\/index.php\/wp-json\/wp\/v2\/media?parent=23"}],"curies":[{"name":"wp","href":"https:\/\/api.w.org\/{rel}","templated":true}]}}