{"id":136,"date":"2017-07-31T09:12:18","date_gmt":"2017-07-31T08:12:18","guid":{"rendered":"http:\/\/www.ordinaceplint.cz\/?page_id=136"},"modified":"2022-03-20T20:24:36","modified_gmt":"2022-03-20T19:24:36","slug":"zdravotnicky-personal","status":"publish","type":"page","link":"https:\/\/www.ordinaceplint.cz\/index.php\/zdravotnicky-personal\/","title":{"rendered":"Zdravotnick\u00fd person\u00e1l"},"content":{"rendered":"<p>Spole\u010dnost ORDINACE PLINT s.r.o. zam\u011bstn\u00e1v\u00e1 n\u00e1sleduj\u00ed zdravotnick\u00fd person\u00e1l.<\/p>\n<p><a href=\"http:\/\/www.ordinaceplint.cz\/index.php\/zdravotnicky-personal\/plekar\/\">MUDr. Zuzana \u0160edrlov\u00e1<\/a> &#8211; praktick\u00fd l\u00e9ka\u0159, internista, nutri\u010dn\u00ed a v\u00fd\u017eivov\u00fd poradce, specialista v oboru venerologie, (alternativn\u011b \u010d\u00ednsk\u00e1 medic\u00edna, akupunktura, akupresura)<\/p>\n<p>Ivana \u0158ezn\u00edkov\u00e1, DiS.- zdravotn\u00ed sestra v ordinaci MUDr. \u0160edrlov\u00e9<\/p>\n<p>&nbsp;<\/p>\n","protected":false},"excerpt":{"rendered":"<p>Spole\u010dnost ORDINACE PLINT s.r.o. zam\u011bstn\u00e1v\u00e1 n\u00e1sleduj\u00ed zdravotnick\u00fd person\u00e1l. MUDr. Zuzana \u0160edrlov\u00e1 &#8211; praktick\u00fd l\u00e9ka\u0159, internista, nutri\u010dn\u00ed a v\u00fd\u017eivov\u00fd poradce, specialista v oboru venerologie, (alternativn\u011b \u010d\u00ednsk\u00e1 medic\u00edna, akupunktura, akupresura) Ivana \u0158ezn\u00edkov\u00e1, DiS.- zdravotn\u00ed sestra v ordinaci MUDr. \u0160edrlov\u00e9 &nbsp;<\/p>\n","protected":false},"author":1,"featured_media":0,"parent":0,"menu_order":0,"comment_status":"closed","ping_status":"closed","template":"","meta":{"_crdt_document":"","footnotes":""},"class_list":["post-136","page","type-page","status-publish","hentry"],"aioseo_notices":[],"_links":{"self":[{"href":"https:\/\/www.ordinaceplint.cz\/index.php\/wp-json\/wp\/v2\/pages\/136","targetHints":{"allow":["GET"]}}],"collection":[{"href":"https:\/\/www.ordinaceplint.cz\/index.php\/wp-json\/wp\/v2\/pages"}],"about":[{"href":"https:\/\/www.ordinaceplint.cz\/index.php\/wp-json\/wp\/v2\/types\/page"}],"author":[{"embeddable":true,"href":"https:\/\/www.ordinaceplint.cz\/index.php\/wp-json\/wp\/v2\/users\/1"}],"replies":[{"embeddable":true,"href":"https:\/\/www.ordinaceplint.cz\/index.php\/wp-json\/wp\/v2\/comments?post=136"}],"version-history":[{"count":7,"href":"https:\/\/www.ordinaceplint.cz\/index.php\/wp-json\/wp\/v2\/pages\/136\/revisions"}],"predecessor-version":[{"id":1170,"href":"https:\/\/www.ordinaceplint.cz\/index.php\/wp-json\/wp\/v2\/pages\/136\/revisions\/1170"}],"wp:attachment":[{"href":"https:\/\/www.ordinaceplint.cz\/index.php\/wp-json\/wp\/v2\/media?parent=136"}],"curies":[{"name":"wp","href":"https:\/\/api.w.org\/{rel}","templated":true}]}}